est common divisor of 636 and 12.
12
What is the greatest common divisor of 168 and 120?
24
Calculate the greatest common factor of 1507 and 411.
137
What is the greatest common factor of 225 and 1725?
75
What is the greatest common divisor of 1552 and 4850?
194
Calculate the greatest common factor of 3136 and 49.
49
What is the greatest common factor of 131 and 26069?
131
Calculate the greatest common factor of 136 and 704.
8
What is the highest common divisor of 226 and 6?
2
What is the greatest common divisor of 35 and 56?
7
What is the greatest common divisor of 276 and 897?
69
What is the highest common factor of 731 and 187?
17
What is the highest common factor of 1391 and 535?
107
Calculate the greatest common divisor of 448 and 511.
7
What is the highest common factor of 358 and 4?
2
Calculate the greatest common factor of 21 and 315.
21
Calculate the highest common divisor of 66 and 264.
66
Calculate the highest common divisor of 8 and 484.
4
What is the highest common divisor of 74 and 333?
37
Calculate the highest common factor of 126 and 70.
14
What is the greatest common factor of 41 and 164?
41
What is the greatest common factor of 66 and 366?
6
What is the highest common divisor of 14244 and 36?
12
Calculate the highest common factor of 5 and 73.
1
Calculate the highest common divisor of 30 and 1965.
15
What is the highest common divisor of 198 and 726?
66
Calculate the highest common factor of 10 and 50.
10
Calculate the greatest common divisor of 1100 and 66.
22
Calculate the highest common factor of 58 and 261.
29
Calculate the greatest common factor of 144 and 240.
48
What is the highest common divisor of 12500 and 375?
125
Calculate the highest common divisor of 20 and 115.
5
Calculate the highest common factor of 1457 and 47.
47
What is the greatest common factor of 96 and 120?
24
Calculate the highest common factor of 32 and 32.
32
What is the greatest common factor of 20 and 1340?
20
What is the highest common factor of 15943 and 745?
149
What is the highest common factor of 1104 and 92?
92
What is the highest common divisor of 70 and 28?
14
Calculate the highest common factor of 324 and 1053.
81
What is the highest common divisor of 166 and 6?
2
What is the greatest common divisor of 2827 and 1285?
257
Calculate the highest common factor of 10 and 10.
10
Calculate the highest common factor of 384 and 84.
12
What is the greatest common divisor of 576 and 1764?
36
What is the greatest common factor of 693 and 7?
7
Calculate the highest common factor of 18 and 90.
18
What is the highest common divisor of 30 and 438?
6
What is the highest common divisor of 592 and 16?
16
Calculate the greatest common divisor of 3376 and 16.
16
Calculate the greatest common factor of 6600 and 480.
120
Calculate the highest common divisor of 296 and 37.
37
What is the highest common factor of 45 and 255?
15
What is the highest common factor of 372 and 899?
31
What is the highest common factor of 5 and 80?
5
What is the greatest common factor of 161 and 92?
23
What is the greatest common divisor of 1065 and 142?
71
Calculate the highest common factor of 416 and 13.
13
Calculate the highest common factor of 288 and 72.
72
Calculate the greatest common factor of 342 and 399.
57
Calculate the highest common divisor of 203 and 7.
7
Calculate the greatest common factor of 480 and 30.
30
Calculate the highest common divisor of 35 and 119.
7
What is the greatest common divisor of 36 and 300?
12
Calculate the highest common factor of 22 and 44.
22
Calculate the greatest common factor of 11 and 253.
11
Calculate the greatest common divisor of 56 and 80.
8
What is the greatest common factor of 77 and 847?
77
What is the greatest common factor of 1029 and 42?
21
Calculate the highest common divisor of 325 and 1400.
25
Calculate the greatest common divisor of 390 and 65.
65
Calculate the highest common factor of 38 and 27911.
19
Calculate the greatest common divisor of 63 and 231.
21
What is the highest common factor of 98 and 1127?
49
What is the greatest common divisor of 1020 and 120?
60
Calculate the highest common factor of 13 and 403.
13
What is the greatest common divisor of 1875 and 75?
75
What is the greatest common factor of 264 and 704?
88
Calculate the highest common factor of 150 and 120.
30
Calculate the greatest common divisor of 80 and 70.
10
Calculate the greatest common factor of 3528 and 216.
72
Calculate the highest common factor of 6239 and 17.
17
What is the highest common divisor of 170 and 4454?
34
Calculate the highest common divisor of 108 and 4716.
36
Calculate the highest common divisor of 18193 and 161.
161
Calculate the greatest common factor of 275 and 385.
55
Calculate the greatest common divisor of 63 and 371.
7
Calculate the greatest common factor of 336 and 624.
48
Calculate the greatest common divisor of 20 and 3460.
20
What is the greatest common divisor of 1417 and 26?
13
What is the highest common factor of 1343 and 711?
79
Calculate the greatest common factor of 121 and 847.
121
Calculate the highest common divisor of 135 and 570.
15
Calculate the greatest common factor of 650 and 234.
26
Calculate the highest common factor of 238 and 686.
14
Calculate the highest common factor of 146 and 1241.
73
Calculate the greatest common factor of 34 and 187.
17
Calculate the greatest common divisor of 403 and 13.
13
What is the greatest common factor of 979 and 89?
89
Calculate the greatest common factor of 44 and 198.
22
Calculate the highest common factor of 48 and 276.
12
Calculate the highest common divisor of 928 and 174.
58
What is the greatest common divisor of 40 and 88?
8
What is the highest common divisor of 4 and 11444?
4
What is the highest common divisor of 17 and 289?
17
Calculate the greatest common divisor of 3658 and 62.
62
What is the highest common divisor of 160 and 768?
32
What is the greatest common factor of 88 and 64?
8
Calculate the greatest common divisor of 22436 and 568.
284
What is the highest common factor of 1750 and 500?
250
Calculate the highest common divisor of 23580 and 180.
180
What is the greatest common factor of 4 and 5?
1
Calculate the highest common divisor of 2338 and 266.
14
What is the highest common divisor of 300 and 36?
12
Calculate the greatest common factor of 598 and 26.
26
Calculate the greatest common factor of 2 and 6.
2
Calculate the greatest common divisor of 142 and 32518.
142
Calculate the greatest common divisor of 43 and 1075.
43
What is the highest common divisor of 232 and 377?
29
Calculate the highest common divisor of 87 and 35583.
87
Calculate the highest common divisor of 12456 and 216.
72
What is the highest common divisor of 3264 and 2496?
192
Calculate the highest common divisor of 216 and 405.
27
Calculate the greatest common divisor of 11 and 7.
1
What is the highest common divisor of 380 and 1216?
76
What is the highest common factor of 52 and 4511?
13
What is the highest common divisor of 30 and 2235?
15
What is the greatest common factor of 37 and 3?
1
Calculate the greatest common divisor of 138 and 6.
6
What is the highest common factor of 561 and 17?
17
Calculate the highest common divisor of 1804 and 44.
44
Calculate the greatest common factor of 1156 and 68.
68
Calculate the highest common divisor of 950 and 38.
38
Calculate the greatest common factor of 9 and 477.
9
Calculate the highest common factor of 92 and 253.
23
What is the greatest common divisor of 70 and 3290?
70
What is the highest common factor of 4734 and 18?
18
What is the highest common divisor of 119 and 3808?
119
Calculate the greatest common divisor of 275 and 110.
55
Calculate the highest common divisor of 36 and 36.
36
What is the greatest common factor of 575 and 46?
23
Calculate the greatest common divisor of 19676 and 4.
4
What is the greatest common factor of 14 and 2863?
7
What is the greatest common divisor of 2 and 109?
1
What is the highest common divisor of 623 and 14?
7
What is the greatest common factor of 232 and 1450?
58
What is the greatest common factor of 1648 and 32?
16
Calculate the greatest common divisor of 5 and 245.
5
What is the greatest common divisor of 92 and 2875?
23
What is the highest common factor of 3 and 3?
3
What is the greatest common fact